(base 10) to base 16
-1cc
What is 5526 (base 14) in base 11?
10085
Convert -100112321 (base 4) to base 11.
-46380
Convert -1012220 (base 3) to base 15.
-3e3
1212002 (base 3) to base 14
6c8
What is 12865 (base 10) in base 16?
3241
What is 1022012 (base 3) in base 9?
1265
Convert b3a1 (base 12) to base 11.
13773
Convert -636 (base 10) to base 7.
-1566
What is -2020 (base 5) in base 12?
-198
-1332202 (base 5) to base 3
-1101021120
-211031 (base 4) to base 3
-10021012
Convert -178b (base 15) to base 14.
-1bcd
Convert -77a (base 12) to base 13.
-66a
What is -2011012 (base 3) in base 10?
-1571
2040322 (base 5) to base 8
102055
-14104 (base 5) to base 13
-6aa
Convert -1340 (base 6) to base 3.
-110220
What is -87ab (base 13) in base 2?
-100100111010100
260 (base 8) to base 3
20112
745a (base 12) to base 11
9634
What is -1001100101010 (base 2) in base 11?
-3760
Convert -1010002 (base 3) to base 4.
-30230
Convert -11111100 (base 2) to base 11.
-20a
What is -79d0 (base 14) in base 2?
-101001010100010
Convert 42331 (base 5) to base 12.
1789
What is -1002024 (base 5) in base 4?
-3320101
Convert -5359 (base 10) to base 3.
-21100111
4b24 (base 12) to base 4
2011030
Convert -71da (base 15) to base 4.
-11313313
What is -544201 (base 6) in base 8?
-127711
Convert -13836 (base 12) to base 10.
-27114
What is 66 (base 9) in base 11?
55
Convert -187 (base 10) to base 5.
-1222
What is -1237 (base 16) in base 9?
-6351
What is -30220 (base 5) in base 3?
-2122200
What is 1101110 (base 2) in base 12?
92
What is -3438 (base 14) in base 4?
-2031222
What is -6015 (base 9) in base 7?
-15536
What is -985 (base 15) in base 13?
-c95
What is 15ba4 (base 12) in base 6?
355524
-27051 (base 11) to base 9
-58020
Convert 20199 (base 10) to base 14.
750b
-60238 (base 10) to base 5
-3411423
Convert -816 (base 11) to base 12.
-6a1
-100000010110001 (base 2) to base 11
-11496
187 (base 14) to base 8
473
82 (base 12) to base 7
200
-1d6 (base 14) to base 5
-3014
Convert 1110010000000 (base 2) to base 11.
5533
Convert 114102 (base 7) to base 10.
20631
6648 (base 11) to base 13
3cb2
706 (base 12) to base 4
33312
What is -318 (base 10) in base 5?
-2233
-1050 (base 8) to base 10
-552
-10100100001 (base 2) to base 12
-915
-211 (base 10) to base 4
-3103
Convert -2071 (base 15) to base 10.
-6856
What is 25 (base 15) in base 2?
100011
Convert -38 (base 16) to base 14.
-40
What is 11010011110 (base 2) in base 7?
4640
-1501 (base 9) to base 12
-7a7
Convert -6380 (base 11) to base 16.
-20f5
Convert 110 (base 7) to base 12.
48
What is -110202220 (base 3) in base 7?
-36102
What is -126233 (base 7) in base 13?
-aa9c
-29a0 (base 13) to base 14
-22bb
What is 9270 (base 12) in base 9?
23753
Convert 32200 (base 5) to base 8.
4177
Convert 31682 (base 11) to base 6.
553142
What is 2033103 (base 4) in base 14?
34b1
-2203 (base 5) to base 15
-153
-13321 (base 4) to base 16
-1f9
-5354 (base 7) to base 5
-30101
Convert -119 (base 11) to base 3.
-12020
What is -827 (base 9) in base 2?
-1010100001
What is 867 (base 16) in base 9?
2850
-2010020 (base 3) to base 4
-120021
-73cd (base 16) to base 5
-1422040
What is -23213 (base 5) in base 12?
-b83
What is 9768 (base 10) in base 6?
113120
What is -15bb (base 13) in base 8?
-6174
-18036 (base 9) to base 15
-3a36
Convert 100226 (base 9) to base 16.
e763
Convert -8b3 (base 13) to base 11.
-1142
-10202213 (base 4) to base 9
-27455
What is 6ac (base 14) in base 9?
1735
23014 (base 5) to base 14
84a
Convert -6104 (base 8) to base 4.
-301010
1110110022 (base 3) to base 8
70133
What is -392 (base 11) in base 15?
-20e
Convert 443 (base 9) to base 6.
1403
111134 (base 7) to base 13
8c18
What is -62636 (base 7) in base 6?
-155205
6cc (base 16) to base 12
1010
What is 3510 (base 7) in base 10?
1281
-5d8 (base 16) to base 5
-21441
-146 (base 7) to base 15
-58
11122000 (base 3) to base 5
102000
Convert -45031 (base 6) to base 5.
-200113
What is -2220200 (base 3) in base 11?
-1661
What is 101111010110 (base 2) in base 5?
44110
14a1 (base 12) to base 6
15121
What is -314350 (base 6) in base 7?
-134466
Convert 9798 (base 10) to base 16.
2646
1022330 (base 5) to base 7
101122
Convert 300 (base 6) to base 3.
11000
2dc (base 14) to base 4
21022
6a7 (base 15) to base 2
10111100011
-20121 (base 3) to base 2
-10110010
What is 13255 (base 6) in base 8?
4003
2615 (base 8) to base 2
10110001101
What is 1111 (base 5) in base 10?
156
-5f6 (base 16) to base 14
-7b0
2333130 (base 4) to base 14
4672
4ab (base 16) to base 3
1122021
Convert 1390 (base 10) to base 12.
97a
Convert 32554 (base 7) to base 16.
1fed
What is 54 (base 10) in base 14?
3c
Convert -1101010110 (base 2) to base 6.
-3542
Convert -110101111 (base 2) to base 8.
-657
Convert -2022102012 (base 3) to base 16.
-b1bc
What is -35 (base 7) in base 14?
-1c
Convert 2312 (base 5) to base 9.
408
-10001001100 (base 2) to base 9
-1452
What is -447 (base 16) in base 7?
-3123
Convert -1279 (base 10) to base 9.
-1671
Convert 69e6 (base 16) to base 4.
12213212
158 (base 10) to base 12
112
What is -7c0 (base 13) in base 9?
-1747
12cb6 (base 13) to base 15
a622
Convert 150b (base 12) to base 7.
10112
Convert -8348 (base 15) to base 14.
-a179
-10011011100110 (base 2) to base 13
-46c0
What is -814 (base 10) in base 3?
-1010011
Convert -4343 (base 5) to base 12.
-41a
Convert -101131 (base 4) to base 13.
-67c
-5021 (base 8) to base 15
-b6c
Convert 3f83 (base 16) to base 7.
65255
Convert -4687 (base 11) to base 8.
-14001
What is 251550 (base 6) in base 15?
69c3
-5343 (base 6) to base 10
-1215
What is 1738 (base 11) in base 15?
9ce
What is -11001110110010 (base 2) in base 16?
-33b2
What is 25266 (base 7) in base 16?
1a07
Convert 421 (base 11) to base 9.
623
Convert 1387 (base 10) to base 2.
10101101011
Convert 1111121 (base 3) to base 8.
2110
-111001000100 (base 2) to base 14
-148c
14 (base 15) to base 16
13
What is -14330 (base 6) in base 3?
-10010200
21215 (base 6) to base 16
b4b
37051 (base 8) to base 16
3e29
1247 (base 9) to base 13
56b
What is 102122221 (base 3) in base 16?
2137
What is 1a0b (base 12) in base 6?
22415
-2c6d (base 15) to base 14
-36a5
Convert -69 (base 10) to base 16.
-45
Convert -110212 (base 3) to base 8.
-533
What is ac9 (base 16) in base 7?
11023
e721 (base 15) to base 10
48856
What is -47b (base 12) in base 6?
-3035
Convert 13233 (base 10) to base 6.
141133
-653 (base 16) to base 12
-b2b
What is 1000 (base 6) in base 10?
216
What is -a71 (base 15) in base 13?
-10c3
Convert -9b0 (base 12) to base 4.
-112110
What is -16472 (base 10) in base 6?
-204132
What is 256062 (base 8) in base 14?
246b0
What is -41848 (base 10) in base 4?
-22031320
1102212120 (base 3) to base 7
145422
What is 5021 (base 6) in base 3?
1111111
1142 (base 7) to base 3
120122
Convert 1100101 (base 4) to base 9.
7037
2456 (base 14) to base 7
24336
Convert -11 (base 15) to base 12.
-14
153 (base 15) to base 2
100101111
Convert -494 (base 16) to base 2.
-10010010100
What is 1a1 (base 16) in base 4?
12201
71 (base 9) to base 4
1000
11812 (base 9) to base 2
1111100001101
Convert 1a48 (base 15) to base 11.
4306
Convert 19a (base 12) to base 3.
100201
Convert -110010111011 (base 2) to base 5.
-101014
Convert -7591 (base 11) to base 8.
-23446
What is 48b (base 14) in base 3?
1020121
-69c (base 14) to base 13
-7a1
Convert -1a3 (base 14) to base 13.
-201
1221 (base 8) to base 11
548
-4205 (base 6) to base 3
-1021212
-9911 (base 12) to base 4
-10013131
131231 (base 4) to base 5
30101
-310a (base 14) to base 16
-20f6
What is -602 (base 7) in base 16?
-128
-46010 (base 8) to base 12
-b320
Convert 2001011100 (base 3) to base 10.
40212
What is 322201 (base 6) in base 10?
26425
What is -46c8 (base 14) in base 12?
-7174
110000011111 (base 2) to base 11
2371
What is -1b21 (base 13) in base 10?
-4083
-1441 (base 5) to base 11
-204
-212 (base 15) to base 7
-1235
Convert -622 (base 8) to base 9.
-486
314 (base 15) to base 6
3114
522b (base 15) to base 11
12058
12407 (base 8) to base 14
1d67
What is 2200022 (base 3) in base 13?
b72
What is 3404 (base 7) in base 14?
63b
What is 2888 (base 14) in base 6?
53120
Convert -110110001110 (base 2) to base 14.
-139c
Convert 1025 (base 9) to base 11.
624
Convert -16410 (base 8) to base 3.
-101012021
What is -19d (base 15) in base 2?
-101110101